mmon factor of j and 120.
15
Let r be ((-3)/(-6))/((-2)/8). Let w be ((-77)/r)/((-2)/(-4)). Let y = 12 - 5. What is the greatest common divisor of y and w?
7
Suppose -22*b + 1514 = -20*b. Let y = b + -515. Calculate the greatest common divisor of 22 and y.
22
Suppose -k + 4*k + 667 = 2*g, -1379 = -4*g - 3*k. Suppose -4*p + 1547 + g = 0. Calculate the highest common factor of p and 59.
59
Let y = -125 - -229. Suppose 10*w - 268 = 222. Let x = w + -36. What is the highest common factor of y and x?
13
Suppose 4*x + 0*q + q - 2 = 0, -x + 3*q = 6. Suppose x = -3*s + 5*s - 6. What is the highest common divisor of 15 and s?
3
Suppose 1215 = -5*l + 300. Let h = -72 - l. Calculate the greatest common factor of 37 and h.
37
Let u(r) be the first derivative of 59*r**2/2 - 8*r - 21. Let i be u(2). What is the greatest common divisor of 22 and i?
22
Suppose 0 = -2*w - 0*w, -4*z + 96 = 5*w. What is the highest common factor of 8 and z?
8
Let u(f) = f + 34*f**2 - 2*f**3 - 3 + 5 - 7*f**2 - 8. Let w be u(13). Calculate the highest common factor of w and 16.
16
Let i(c) = 15*c**2 + 29*c + 9. Let h be i(-9). What is the greatest common divisor of h and 9?
9
Let w(o) = o + 14. Let c be w(-9). Suppose 3*i - 2*i - 10 = 0. Calculate the highest common factor of i and c.
5
Let m(f) = 8*f**2 - 21*f + 16. Let u be m(3). Calculate the highest common factor of u and 55.
5
Let f(w) = -42*w - 68. Let k be f(-2). What is the greatest common divisor of 1 and k?
1
Let u(z) = z**2 - 5*z - 6. Let s be u(8). Suppose 0 = 21*v + 13*v - 306. What is the highest common factor of s and v?
9
Suppose -s + 144 = 2*s. Let a = 78 - s. What is the highest common factor of 330 and a?
30
Let b = 68 + -59. Let p = b - 1. Calculate the greatest common factor of 24 and p.
8
Suppose 0 = 35*g - 520 - 845. What is the highest common divisor of 117 and g?
39
Suppose -6*h + 209 = 13*h. What is the greatest common divisor of 22 and h?
11
Suppose -3*c + 377 = 92. Let l be 10/(-2)*(-38)/c. What is the greatest common divisor of 22 and l?
2
Let x(c) = 2*c + 30. Let o be x(5). Calculate the highest common factor of o and 16.
8
Let q = 17 + -7. Suppose 5*c + 0*c - 10 = 0. Calculate the highest common divisor of q and c.
2
Let z(p) be the second derivative of p**4/4 - 7*p**3/2 - 9*p**2 - 25*p. Let h be z(9). What is the highest common factor of h and 9?
9
Suppose -4*z - q + 464 = 0, 3*z - 4*q = -7*q + 339. Calculate the greatest common factor of z and 27.
9
Let z = 3146 - 1782. Calculate the highest common factor of 44 and z.
44
Suppose 5*f = -2*r + r + 10, -14 = f - 3*r. Let g = f - -28. Calculate the highest common divisor of g and 87.
29
Let d be -5 - 10*(-7)/21*3. Let r = 187 - 132. Calculate the highest common factor of d and r.
5
Let y(f) = f**2 + 12*f + 163. Let z be y(-10). What is the greatest common factor of z and 99?
11
Suppose 2*c - 17 = -13. Let h be c/(3 - 23/8). What is the greatest common factor of h and 64?
16
Let k(u) = u**2 - 5*u + 4. Suppose -3*h + 7 = 1. Suppose -h*g + 9 = -1. Let d be k(g). Calculate the greatest common factor of 4 and d.
4
Let m(t) = 5*t - 47. Let w be m(10). Suppose -w*s = 4*d - 228, 5*s - 293 = -4*d + 79. What is the highest common divisor of 36 and s?
36
Suppose 5*j = -15, 6*q + 4*j = 4*q + 228. Suppose 4*o = 3*a - q, a = -6*o + 3*o + 40. What is the highest common divisor of 40 and a?
40
Let b be (-721)/(-15) + 6 + 182/(-30). What is the greatest common factor of 228 and b?
12
Suppose -404*c + 1500 = -399*c. Calculate the greatest common factor of 225 and c.
75
Suppose -88*t + 1493 = -1147. Let n = 39 + -27. What is the greatest common factor of n and t?
6
Let p = 26 - -87. Let k = -94 + p. Suppose l = 3*l - 380. Calculate the greatest common factor of l and k.
19
Suppose 5*m - 93 + 12 = -2*z, 0 = z - 3*m - 13. Suppose 35 = -8*y + 931. Calculate the highest common factor of z and y.
28
Suppose 2 = -2*n, -t - n + 18 = 4*n. Calculate the greatest common divisor of 69 and t.
23
Suppose -42 = -3*v - 3*a, 15 = 5*v - 4*a - 28. Let y = 2589 + -2556. What is the greatest common divisor of v and y?
11
Suppose -3*d + 71 = 5. Suppose 0 = -r + q + d, r - 4*q = 4*r - 101. What is the greatest common factor of 135 and r?
27
Suppose -4*u = 5*m + 8, -2*u + 0 = -2*m + 4. Let d(c) = -23*c + 42. Let t be d(0). Suppose 6*n + 0*n - t = m. Calculate the greatest common factor of 35 and n.
7
Suppose 9*u = -2 - 142. Let y be (-3 - (2 - u))/(-3). What is the highest common divisor of 28 and y?
7
Let a be (-90)/(-21) + 4/(-14). Suppose -h = -0*h. Suppose -a*w = -h*w - 20. What is the greatest common factor of 5 and w?
5
Let z(l) = -49*l**3 - l**2 - l - 1. Let f be z(-1). Let w(k) = -70*k**3 + k**2 + 9*k + 10. Let a be w(-1). What is the highest common divisor of a and f?
24
Suppose -25*z + 367 + 2058 = 0. Calculate the greatest common divisor of 2231 and z.
97
Suppose 0 = -4*d + 8, -8*d + 670 = 4*b - 9*d. What is the greatest common factor of b and 15?
3
Suppose 2*g - 48 = 4*b, -46 = 2*g + 5*b - 94. Suppose 48 = -0*v + 3*v. What is the highest common divisor of g and v?
8
Suppose -5*d - 19*p = -16*p - 5457, 4*d = -3*p + 4365. Calculate the greatest common divisor of 252 and d.
84
Let c = 1168 + -4. What is the highest common divisor of 12 and c?
12
Let x = 61 - -5. Let o(k) = 2*k**3 + 10*k**2 + 12*k. Let u be o(-6). Let p be ((u/(-14))/6)/(6/21). Calculate the greatest common factor of p and x.
6
Suppose 2 = 17*a - 16*a. Suppose 3*v - 755 = a*x, -995 = -0*v - 4*v + 5*x. Calculate the highest common factor of 15 and v.
15
Let v(s) = s**2 + 3*s - 5. Let w = -17 - -22. Let n be v(w). Suppose 0 = -q + 7. What is the greatest common divisor of n and q?
7
Let k be ((-54)/(-189))/((-2)/(-84)). Calculate the greatest common factor of k and 84.
12
Suppose 39 = 3*s - 33. What is the greatest common factor of 60 and s?
12
Let q be ((0 + 3)*-1)/(-3) - -251. Calculate the greatest common divisor of q and 63.
63
Let k be 68/20 - 4/10. Let d be 12*(k + 7/(-3)). Let z be ((-36)/d)/((-1)/22). Calculate the greatest common factor of 9 and z.
9
Suppose 18*y = 11*y + 147. Let q be 8*-6*4/(-6). Let c = q + 115. What is the highest common divisor of c and y?
21
Let o = 7 - 25. Let p = 10 + 32. Let x = p + o. What is the highest common factor of 48 and x?
24
Suppose n - 5*m = 0, 26 = 4*n - m - 50. Suppose 250 = 4*h + h. What is the greatest common factor of h and n?
10
Suppose 42 = 3*m - 2*r - 40, -m + 10 = -5*r. Suppose 5*l - 4*o = -o + 34, -5*o - m = -3*l. Let d = 3 + l. Calculate the highest common divisor of d and 1.
1
Suppose 22 = w + q, -w + q = -0*q - 26. Suppose -38*d + 144 = -29*d. What is the greatest common factor of d and w?
8
Let j be (225/(-18))/(-5)*728/10. Calculate the greatest common factor of j and 21.
7
Let q be 357/(-34)*20*(2 + -3). Calculate the highest common factor of 180 and q.
30
Let v(a) = -2*a**2 + 8*a - 6. Let h be v(5). Let m be (h - -1)/((-2)/(-8)*-3). What is the greatest common factor of m and 120?
20
Suppose 13 = 4*t - 7. Suppose 5*j - j = t*k - 240, -240 = -5*k + 2*j. Let z be 4/5*(-67)/(1541/(-690)). What is the highest common divisor of k and z?
24
Let g be 6/10 + 282348/345. What is the highest common factor of g and 189?
63
Let k(z) = -20*z + 1. Let c be k(-1). Suppose -26*r - 14 = -28*r. What is the highest common divisor of r and c?
7
Let h = 2726 - 2723. Calculate the highest common divisor of 219 and h.
3
Suppose 5*q + 0 = -2*j + 9, -j + 3 = q. Let l be 5 - (9/(-3))/q. Calculate the highest common divisor of 64 and l.
8
Let s be (-1672)/95 - (-4)/(-10). Let f = 44 - s. Suppose a - 372 = -3*a. Calculate the highest common factor of a and f.
31
Suppose 60 = 26*d - 21*d. Calculate the highest common factor of 20 and d.
4
Let b = -355 - -590. What is the highest common factor of 141 and b?
47
Let i = -14 + 20. Let j be 19/i + (-3)/18. Suppose 25 = 8*p - j*p. Calculate the greatest common divisor of 2 and p.
1
Let v = 68 + -45. Let h = v + -4. Let a = -9 + h. Calculate the highest common divisor of a and 110.
10
Let t be 18/(-30) - -1*(-894)/(-15). Suppose -4*r + t = -5*w - 283, -254 = -3*r + 5*w. Calculate the greatest common divisor of 22 and r.
22
Suppose -4977 = 3*g - 24*g. What is the greatest common factor of 3 and g?
3
Suppose 10*k - 9*k - 45 = 0. Suppose -4*i